 13, what is -1 + -6485b?
-6485c
In base 9, what is -24 - 28480?
-28514
In base 4, what is -11001201 - 1210?
-11003011
In base 2, what is 110101101011100 + 0?
110101101011100
In base 4, what is 0 + -10110103?
-10110103
In base 16, what is -3b + 248e?
2453
In base 9, what is 80664 - -56?
80731
In base 2, what is 1001010010011 - -1001?
1001010011100
In base 8, what is -4 - -6534?
6530
In base 7, what is 1402012 - -5?
1402020
In base 7, what is -6 + 25210?
25201
In base 2, what is 10100001 + -100000110011?
-11110010010
In base 8, what is -162 - 20135?
-20317
In base 11, what is 8504 + -48?
8467
In base 16, what is 14b8b + 3?
14b8e
In base 11, what is 1 + -715?
-714
In base 7, what is 1125 + -16?
1106
In base 5, what is -42004 - -11?
-41443
In base 4, what is -2312 + -12201?
-21113
In base 10, what is 965984 + 0?
965984
In base 7, what is -202121 - -6?
-202112
In base 5, what is 12123 + 224?
12402
In base 7, what is -100 - 1?
-101
In base 8, what is 4 - 15420?
-15414
In base 3, what is 2 - -21210002?
21210011
In base 12, what is 78 - 186?
-10a
In base 15, what is 38a - -2bc?
657
In base 9, what is -183820 + -3?
-183823
In base 7, what is 133545 + -102?
133443
In base 5, what is 220 + -10311?
-10041
In base 10, what is -132114 + -16?
-132130
In base 5, what is 24211232 - 2?
24211230
In base 15, what is 13b7 - -18?
13d0
In base 13, what is -6 + -9723?
-9729
In base 15, what is -36 + 772?
73b
In base 10, what is 2954 - 1924?
1030
In base 5, what is -2 + 4240313?
4240311
In base 8, what is -3 - 242354?
-242357
In base 11, what is 3 + -271575?
-271572
In base 14, what is -4 + 535d9?
535d5
In base 14, what is 5b1 - 6?
5a9
In base 4, what is 32231220 - -3?
32231223
In base 5, what is 122431114 - -10?
122431124
In base 11, what is -8294 - 2?
-8296
In base 6, what is 123 + 3132?
3255
In base 2, what is -110000000101010110 + 11?
-110000000101010011
In base 9, what is 4342 - -33?
4375
In base 16, what is 5a2 - -1?
5a3
In base 4, what is 11 - 10021112?
-10021101
In base 16, what is 4b5da + -2?
4b5d8
In base 14, what is 2c + 5310?
533c
In base 9, what is 72 + -1323?
-1241
In base 11, what is 84674 - -3?
84677
In base 9, what is 0 + -32116?
-32116
In base 3, what is -10201222200 - 2?
-10201222202
In base 11, what is -5 - -5592?
5588
In base 8, what is -2553335 - -4?
-2553331
In base 5, what is 3140 + 103?
3243
In base 2, what is -1110001001 - 10101?
-1110011110
In base 12, what is 10a40 + 22?
10a62
In base 7, what is 506 + -1206?
-400
In base 6, what is 4543 + 113?
5100
In base 3, what is 2222011100 + -1000?
2222010100
In base 14, what is -1b717 - -6?
-1b711
In base 14, what is -34b + -80?
-3cb
In base 2, what is -1 + 1110101001?
1110101000
In base 12, what is 5800 + -38?
5784
In base 3, what is 20000212102 - 10?
20000212022
In base 3, what is -10022 + -10122?
-20221
In base 11, what is -4751 - 3?
-4754
In base 7, what is -64606 - -142?
-64434
In base 15, what is -1 + -595?
-596
In base 9, what is -140 - 2108?
-2248
In base 9, what is 158 + -7274?
-7115
In base 7, what is -12556 - 151?
-13040
In base 8, what is 6 - 21071?
-21063
In base 14, what is 6 + -5d1d?
-5d17
In base 8, what is 1154706 + 5?
1154713
In base 8, what is 7 - 6075?
-6066
In base 11, what is -160 - 138?
-298
In base 9, what is 2210265 - 5?
2210260
In base 15, what is -4 + 10bd0?
10bcb
In base 14, what is 10b17a + 6?
10b182
In base 8, what is 54 - -1716?
1772
In base 9, what is 18528 - 1?
18527
In base 3, what is -1212211 - -20?
-1212121
In base 11, what is -2998 + -42?
-2a2a
In base 14, what is -7 - 1d788?
-1d791
In base 11, what is 119 + 1023?
1141
In base 6, what is 2314342 + 1?
2314343
In base 13, what is 2 + -72ba?
-72b8
In base 16, what is 171 + 1881?
19f2
In base 12, what is 640 + 23?
663
In base 6, what is -510235 + 22?
-510213
In base 15, what is 2 - -2750?
2752
In base 15, what is 2c93 - c?
2c86
In base 11, what is -4309 + -85a?
-5068
In base 4, what is -3132031303 + 10?
-3132031233
In base 14, what is 9 + -920c8?
-920bd
In base 3, what is -212101110 + -121?
-212102001
In base 16, what is 13aa + -5e?
134c
In base 13, what is -4b18a + 5?
-4b185
In base 13, what is 1149 - -176?
12c2
In base 4, what is 123000 + 101?
123101
In base 3, what is -200101211210 - -201?
-200101211002
In base 13, what is -596 - 7?
-5a0
In base 8, what is 1073 - 174?
677
In base 2, what is 1100100111 + 111010100101?
1000111001100
In base 4, what is -1200100012 - -1?
-1200100011
In base 16, what is a35 - b?
a2a
In base 8, what is -7231 - -2?
-7227
In base 9, what is -14 + 416?
402
In base 12, what is 22 - 1150?
-112a
In base 11, what is 48441 + -2?
4843a
In base 4, what is -20303313 + -13?
-20303332
In base 7, what is 16 + 414002?
414021
In base 15, what is 1abd5a + -4?
1abd56
In base 2, what is 1000 + -1110110011000?
-1110110010000
In base 5, what is 32114211 - 4?
32114202
In base 14, what is -1 + -31b95?
-31b96
In base 10, what is -415 - 0?
-415
In base 2, what is 11 - -100111011101100100?
100111011101100111
In base 14, what is 26c42a + -2?
26c428
In base 10, what is 60004 + -4?
60000
In base 11, what is -a0 - -27a?
18a
In base 6, what is -4144 - 1311?
-5455
In base 5, what is 2203312 + -10?
2203302
In base 16, what is 7002 + 2?
7004
In base 2, what is -101001101110100100000101 - 10?
-101001101110100100000111
In base 12, what is -24 - 3622b?
-36253
In base 8, what is 252674 + 0?
252674
In base 6, what is -101 - 24?
-125
In base 4, what is 23330 - -102?
30032
In base 8, what is -17507 - -24?
-17463
In base 12, what is 97 - 19b2?
-1917
In base 7, what is 10 - -1022665?
1023005
In base 14, what is -7 + -7aac?
-7ab5
In base 13, what is 1029 - -1ca?
1226
In base 7, what is -4 - 6324335?
-6324342
In base 10, what is 30667 - -2?
30669
In base 12, what is a0a66b - 1?
a0a66a
In base 7, what is 242146 + 20?
242166
In base 15, what is -2 + d4678?
d4676
In base 11, what is 23459 + -12?
23447
In base 7, what is 1204360 - 2?
1204355
In base 11, what is -75a1 - -1?
-75a0
In base 11, what is 95 + -1097?
-1002
In base 3, what is 12 - 101002110020?
-101002110001
In base 13, what is 26a + b1?
34b
In base 4, what is 21131031 + -2?
21131023
In base 8, what is -6 - 51027?
-51035
In base 15, what is -1 + -83a3?
-83a4
In base 10, what is 94 - -3400?
3494
In base 2, what is 1000101100101 - 10?
1000101100011
In base 8, what is 402741 + -5?
402734
In base 7, what is -2 - -4422206?
4422204
In base 11, what is 4 + 3840?
3844
In base 8, what is -204 + -11613?
-12017
In base 12, what is 122 + 154?
276
In base 16, what is 0 + -718a6?
-718a6
In base 8, what is 12063 + 5?
12070
In base 2, what is -10010101001000 - 101?
-10010101001101
In base 12, what is 24809 + 11?
2481a
In base 7, what is 2145244 - -5?
2145252
In base 8, what is -5 - -266315?
266310
In base 11, what is -49 + 290?
242
In base 15, what is 5ce6b9 + 5?
5ce6be
In base 12, what is -12aa8 - 4a?
-12b36
In base 11, what is -22428 - 7?
-22434
In base 10, what is 14 + -21877?
-21863
In base 4, what is 1113323 - 2?
1113321
In base 14, what is -9 + -4a640?
-4a649
In base 9, what is 1182 - -54?
1246
In base 10, what is 439780 - 1?
439779
In base 12, what is -446b - -9?
-4462
In base 8, what is 375 - 63?
312
In base 7, what is -664641 - -5?
-664633
In base 14, what is 59a8b - b?
59a80
In base 10, what is 174 - 1467?
-1293
In base 15, what is -37 - -8ca?
893
In base 9, what is 1456 - 3035?
-1468
In base 8, what is 2 - 427622?
-427620
In base 15, what is 6791 + 3?
6794
In base 6, what is 450 + 4452?
5342
In base 6, what is 0 + 1245150?
1245150
In base 13, what is 5 + -3aa6?
-3aa1
In base 9, what is 4 + 24314?
24318
In base 5, what is 122014 + 4232?
131301
In base 5, what is -43211 + 1324?
-41332
In base 11, what is -aa58 - 1?
-aa59
In base 15, what is -1a589 - -6?
-1a583
In base 12, what is -2a915 + 0?
-2a915
In base 11, what is 1147a4 + 9?
114802
In base 9, what is 2 + 545006?
545008
In base 13, what is 159 + -c4?
65
In base 9, what is 427 + -251?
166
In base 16, what is 16b9e - 0?
16b9e
In base 7, what is 56140 + 4?
56144
In base 16, what is -3 + -8393?
-8396
In base 3, what is 11000222222 - -10?
11001000002
In base 7, what is -1 + 26225?
26224
In base 7, what is -5 - -64425?
64420
In base 2, what is 1010010001 + 1110?
1010011111
In base 6, what is -12244 - 224?
-12512
In base 7, what is